mon factor of a and g?
11
Suppose -3*h - 43 = -o, -19 = -10*o + 9*o - 5*h. Let v(u) = u**3 + 15*u**2 - 4*u + 25. Let n be v(-15). What is the highest common divisor of n and o?
17
Suppose 0*h - 3*x - 96 = 3*h, 4*h + x = -122. Let y = h + 230. Suppose 284 + 76 = 9*t. What is the greatest common factor of t and y?
40
Let h be (182/(-2) - -3)*(1 - -29)/(-10). Calculate the highest common factor of 984 and h.
24
Suppose -7 - 11 = -9*a. Suppose c - 1 = -a*j - 2, 0 = 3*c - 4*j + 3. Let q be (-10)/c + 0 - (8 + -6). Calculate the greatest common factor of 8 and q.
8
Let c be (-816)/(-9) - 8*8/96. Suppose 23*y + c = 28*y. What is the highest common divisor of y and 48?
6
Let l(g) be the third derivative of 10*g**2 + 1/3*g**3 + 1/60*g**5 + 0*g + 1/24*g**4 + 0. Let v be l(0). What is the greatest common factor of 5 and v?
1
Suppose r - 962 = -951. What is the greatest common divisor of 3883 and r?
11
Suppose -t + 4*t - 96 = 0. Suppose -2*b - 2*o = -22, -4*b - o - o = -34. Let c be (1 + 10/b)*18. Calculate the highest common divisor of t and c.
16
Let t = -30290 - -30374. What is the greatest common divisor of 28308 and t?
84
Let y = -104 + 524. Let w = 970 - y. Calculate the highest common divisor of 50 and w.
50
Let s be (-20)/(-9) + (-4)/18. Let d = -934 - -934. Suppose d = 291*g - 299*g + 16. Calculate the greatest common factor of s and g.
2
Let w = -73 + 129. Let h(v) = -15*v + 49. Let o be h(13). Let k = -132 - o. What is the highest common factor of w and k?
14
Suppose -6*j = -64*j + 833112. Calculate the highest common divisor of 42 and j.
42
Let p(b) = b**2 + 7*b - 30. Suppose -61 = 5*v + s, -v + 4*s + 0 = 8. Let o be p(v). What is the highest common divisor of o and 140?
10
Suppose 152*z - 27200 = 118*z. Calculate the greatest common divisor of 440 and z.
40
Let f = 61286 + -61125. Let u(h) = h + 2. Let z be u(5). What is the highest common factor of f and z?
7
Let c(q) = -q**2 - 10*q - 1. Let p be c(-8). Let o(w) = -4*w + 167. Let g be o(0). Let i = 332 - g. Calculate the highest common divisor of p and i.
15
Suppose -515 = -9*v - 137. Let w be 1*21/(v/40). What is the greatest common divisor of 90 and w?
10
Let a = -34019 - -34142. Calculate the highest common factor of a and 10168.
41
Let d be (7 - -2)*(-6)/18*-1. Suppose c + 2*q = 8, d*c + 8*q = 7*q + 29. What is the highest common factor of 470 and c?
10
Let n = 3448 - 3405. Calculate the greatest common divisor of n and 1376.
43
Let c be (0 - -1) + (13 - 9). Suppose c*x + 12 = 2, 4*i - 530 = x. Let k(t) = 4*t + 44. Let y be k(11). Calculate the highest common divisor of i and y.
44
Suppose 18*i = 22*i + 3*l - 208, -2*l + 158 = 3*i. Calculate the highest common factor of 899 and i.
29
Let k be ((-65)/26)/(10/(-8)). Let j be 99 - (k/(-3))/((-34)/(-153)). Calculate the greatest common factor of 6 and j.
6
Suppose -69 + 33 = -12*d. Suppose d*j = p + 5*j - 44, 4 = -2*j. Calculate the highest common factor of p and 432.
48
Let j = 971 - 918. Let y(a) = -a**3 - 2*a**2 - 13. Let m be y(-8). Calculate the greatest common divisor of j and m.
53
Let p be (130/(-4))/13*(-12)/(-15). Let g be 32*(-144)/(-40) + p/10. Calculate the highest common factor of g and 10.
5
Let h = 6723 + 47718. What is the highest common divisor of 207 and h?
207
Suppose l - 4*l = 708. Let p = 258 + l. Calculate the greatest common divisor of p and 110.
22
Let m(x) = 30*x**2 - 3*x + 7. Let v(y) = -y**2 + 4*y - 1. Let w be v(3). Let t be m(w). Calculate the greatest common divisor of t and 22.
11
Suppose 38*b - 4913 = 9*b + 12*b. What is the highest common divisor of 425 and b?
17
Let t = -102 + 106. Suppose -5*h + 5 = 0, -t*h - 30 = -l + 2. What is the highest common divisor of 24 and l?
12
Suppose 562*z + 572 = 4*m + 558*z, 5*m - 2*z - 706 = 0. Let c = 38 + 62. Calculate the greatest common factor of c and m.
20
Let l be 5 + (-1 - 0) - 4. Suppose l = -14*x + 53 + 283. What is the highest common factor of x and 108?
12
Let x be (4 - 18) + 12 - -30. What is the highest common factor of 322 and x?
14
Suppose 6*h - 9 = 3*h - p, -h = 3*p - 3. Suppose h*c - 2*c - 41 = -5*q, -3*q + 147 = 3*c. Calculate the greatest common factor of 1275 and c.
51
Suppose -2*y + 29 = 17. Suppose 715 = -c + y*c. Calculate the highest common divisor of 13 and c.
13
Let b be (150 - 151)*-1*84/3. What is the greatest common factor of b and 3346?
14
Suppose -18*v + 12325 - 3001 = 0. Let g = -500 + v. What is the greatest common divisor of g and 558?
18
Let h(o) = 23*o - 22. Let x be h(9). Suppose 5*g + 0*g = 0. Suppose 444 = 6*r - g*r. What is the greatest common divisor of r and x?
37
Let i(t) = -117*t + 4. Let f = 38 - 39. Let y be i(f). Let w = 134 + -123. What is the greatest common divisor of y and w?
11
Suppose 301*i = 90*i + 9284. Calculate the highest common divisor of 2486 and i.
22
Suppose 0 = 9*u - 182 + 20. Suppose 22 = -o + 24. Suppose -2178 = -9*g - o*g. Calculate the highest common divisor of g and u.
18
Let r = 6405 - 6400. What is the highest common factor of r and 520?
5
Let t(q) = -q**2 - 21*q + 55. Let h be t(-13). Suppose -h = -10*d + 181. Calculate the highest common divisor of 323 and d.
17
Let q = -158 + 172. Suppose 0 = -q*y + 341 - 187. What is the highest common divisor of 473 and y?
11
Suppose -48 = -18*h - 6*h. Suppose h*u - 2*s - 14 = -0*s, -5*s = -u + 23. What is the highest common factor of u and 57?
3
Suppose -804509*u + 804545*u - 1008 = 0. Suppose -327 + 105 = -5*l - 3*f, 0 = 4*f - 16. What is the greatest common divisor of l and u?
14
Let x(c) = 35*c**2 - 16*c - 12. Let w be x(-3). What is the greatest common factor of w and 13?
13
Suppose 0 = -3*r + r + 50. Let h be (-4208)/263*900/(-64). Calculate the greatest common factor of r and h.
25
Let r(m) = -m**3 + 4*m**2 - 5*m - 11. Let w be r(-6). Let p = -201 + w. Let x be (28/21)/(1 + p/(-180)). What is the greatest common factor of 15 and x?
15
Let c be (8 - 0) + -28 + 31. Let h be ((-484)/(-16))/(1/4). What is the highest common divisor of h and c?
11
Suppose -65*p + 312566 = 62*p + 527. Calculate the greatest common divisor of p and 14.
7
Let f(u) = -u**3 - 5*u**2 + 13*u + 12. Let n be f(-7). Suppose n*l - 1060 = 916. Calculate the highest common factor of 56 and l.
8
Let w be (2 - (-3)/(-2))*(2 + -2). Suppose w = -4*j + 4*u + 5988, -2*j - 3*u + 3018 = u. What is the greatest common divisor of j and 19?
19
Let h(j) = 42*j**3 + j**2 + 9*j - 5. Let v be h(2). Let t = 535 - v. What is the greatest common factor of 39 and t?
13
Let s be 0 - (-2 - (5 + -3)). Suppose 4*j = s*w - 12, -6 - 11 = -3*w + 5*j. Let x be 2 + w*3 + 7 + 29. What is the highest common divisor of x and 5?
5
Suppose -5*o + o = -3*n + 46, n + 3*o - 24 = 0. Let c be 40/(-64) + (-3059)/(-56). Calculate the greatest common factor of n and c.
18
Let k be (-15)/(-5) + (-6)/(-6). Suppose 5*x - 2*w - 2405 = -7*w, 0 = -k*x - w + 1924. Calculate the greatest common divisor of x and 37.
37
Suppose -247*p + 2*b = -245*p - 192, 2*b - 420 = -4*p. What is the highest common divisor of 6987 and p?
51
Let t = -2 - -7. Let f be t/(-1)*(-9)/15. Suppose -7*j + 8*j = f. Calculate the greatest common divisor of 2 and j.
1
Let c(g) = g**3 + 9*g**2 + 14*g + 38. Let j be c(-8). Let o be (48/2)/(j/((-320)/24)). Calculate the greatest common factor of 40 and o.
8
Let m be (-34 + (-3772)/(-115))/((-4)/1590). What is the highest common factor of 2915 and m?
53
Let a(u) = -u**2 + 30*u - 86. Let q be a(17). Suppose -38*l = -43*l + q. What is the highest common divisor of l and 189?
27
Suppose -4*d + 2*a + 2013 = -2863, 2*a - 3636 = -3*d. Calculate the highest common divisor of 494 and d.
38
Suppose z - 418 = 4*g - 483, -4*g - 3*z = -61. Suppose -4*v - 2*b = -268, 2*v + b = 4*v - 142. Let f = -45 + v. What is the greatest common divisor of g and f?
8
Suppose -34*q + 39*q - 20 = 0. Suppose q*t = 6*t - 4*j + 10, -4*j + 5 = -3*t. Calculate the greatest common divisor of t and 8.
1
Let m = -27452 + 27640. What is the greatest common factor of m and 21244?
188
Let u(v) = -1546*v**3 - 130*v - 128. Let j be u(-1). Calculate the greatest common factor of j and 6.
6
Suppose 35*c = 2320 + 6150. Let z be (-2 + c - 4) + 1 + -3. Calculate the highest common divisor of 36 and z.
18
Suppose 5 = h + 2*n - 2, -3*h + 30 = -3*n. Suppose -2052 = h*b